t is the greatest common divisor of 48 and 3296?
16
Calculate the highest common factor of 1081 and 30127.
47
Calculate the highest common factor of 18 and 35001.
9
Calculate the highest common divisor of 96246 and 54.
18
What is the greatest common factor of 176510 and 1995?
95
Calculate the greatest common divisor of 29034 and 180.
18
What is the highest common factor of 888 and 88?
8
What is the highest common factor of 1862 and 5250?
14
Calculate the greatest common divisor of 68048 and 32.
16
Calculate the highest common factor of 8118 and 54.
18
Calculate the highest common factor of 306 and 353328.
102
What is the highest common factor of 26420 and 40?
20
Calculate the highest common divisor of 112 and 63266.
14
What is the greatest common divisor of 10793 and 731?
43
Calculate the highest common divisor of 34850 and 50.
50
What is the greatest common factor of 156232 and 236?
236
Calculate the greatest common divisor of 194176 and 80401.
1517
What is the highest common factor of 113 and 29?
1
What is the greatest common factor of 1560 and 162?
6
What is the highest common factor of 28234 and 493352?
1486
What is the highest common factor of 73 and 731?
1
Calculate the greatest common divisor of 2751 and 721.
7
Calculate the greatest common factor of 14823 and 3.
3
Calculate the greatest common divisor of 60 and 177456.
12
Calculate the greatest common divisor of 7130 and 4600.
230
Calculate the greatest common divisor of 1291395 and 2058.
1029
Calculate the highest common divisor of 135998 and 2438.
106
What is the greatest common divisor of 1 and 49531?
1
What is the greatest common divisor of 17720 and 47401?
443
What is the greatest common divisor of 212093 and 8323?
287
Calculate the highest common factor of 3450 and 2820.
30
What is the greatest common factor of 56011 and 1264?
79
Calculate the highest common factor of 488 and 6100.
244
What is the highest common factor of 368 and 3824?
16
What is the highest common divisor of 2377323 and 234?
117
What is the greatest common divisor of 1387 and 247?
19
What is the highest common factor of 1976307 and 1844?
461
What is the highest common divisor of 730 and 310?
10
What is the greatest common factor of 442968 and 48?
24
What is the highest common divisor of 332 and 6092200?
332
What is the highest common factor of 4387 and 3157?
41
What is the greatest common divisor of 1605 and 8520?
15
What is the highest common factor of 1014 and 2132?
26
Calculate the greatest common divisor of 10787 and 196511.
469
Calculate the greatest common divisor of 11205 and 2959365.
1245
Calculate the highest common factor of 2589776 and 14.
14
Calculate the highest common factor of 2134 and 194.
194
Calculate the greatest common divisor of 975 and 3153800.
325
What is the highest common divisor of 2498 and 1444?
2
Calculate the greatest common factor of 570 and 835.
5
What is the highest common factor of 432288 and 12?
12
Calculate the highest common divisor of 85202 and 3770.
754
Calculate the highest common divisor of 4081 and 11236.
53
What is the highest common factor of 148 and 36038?
74
Calculate the highest common factor of 14 and 3262.
14
What is the greatest common divisor of 340 and 11120?
20
What is the greatest common divisor of 39400 and 104?
8
What is the greatest common divisor of 102 and 61438?
34
Calculate the greatest common divisor of 630 and 29694.
42
What is the highest common factor of 4355 and 6318?
13
What is the greatest common factor of 936 and 956904?
312
Calculate the highest common divisor of 18677 and 38.
19
Calculate the greatest common factor of 2581 and 2407.
29
Calculate the greatest common factor of 29801 and 17.
17
Calculate the highest common factor of 212 and 1950188.
212
Calculate the greatest common factor of 54 and 694962.
18
What is the greatest common divisor of 286 and 365651?
143
Calculate the greatest common factor of 1331428 and 196.
196
What is the highest common factor of 3898930 and 14?
14
What is the greatest common divisor of 15006 and 1098?
366
Calculate the greatest common factor of 1002 and 14142.
6
What is the greatest common divisor of 146 and 159067?
73
Calculate the highest common factor of 833200 and 600.
200
Calculate the highest common divisor of 188 and 319036.
188
Calculate the highest common divisor of 226 and 8927.
113
Calculate the highest common factor of 210 and 120000.
30
What is the greatest common factor of 38 and 196194?
38
Calculate the greatest common divisor of 19344 and 117.
39
Calculate the highest common divisor of 58310 and 98.
98
What is the highest common divisor of 283327 and 172?
43
Calculate the highest common divisor of 1193 and 14.
1
Calculate the highest common factor of 188 and 195708.
188
Calculate the greatest common divisor of 50696 and 152.
8
What is the highest common divisor of 4899 and 1065?
213
What is the greatest common divisor of 122467 and 927?
103
What is the highest common factor of 2495124 and 306?
306
What is the greatest common factor of 5819 and 1441?
11
Calculate the greatest common factor of 646 and 249679.
323
What is the highest common divisor of 24756 and 132?
12
Calculate the greatest common divisor of 142044 and 912.
228
What is the greatest common factor of 900 and 5325?
75
What is the greatest common divisor of 152 and 3078380?
76
Calculate the greatest common factor of 232 and 29783.
29
What is the greatest common factor of 63961 and 668?
167
Calculate the greatest common factor of 43147 and 26.
13
What is the highest common divisor of 4053 and 567?
21
Calculate the greatest common divisor of 1486 and 4694274.
1486
Calculate the greatest common divisor of 152 and 346465.
19
Calculate the highest common divisor of 2276 and 40.
4
Calculate the greatest common divisor of 1611 and 2916.
9
Calculate the greatest common factor of 589974 and 924.
462
Calculate the greatest common factor of 47996 and 2873.
169
What is the highest common divisor of 9 and 884088?
9
What is the greatest common divisor of 28043 and 319?
29
What is the greatest common factor of 2140 and 515205?
535
Calculate the highest common factor of 224744 and 91.
13
Calculate the greatest common factor of 63664 and 3496.
184
What is the greatest common factor of 3120 and 127790?
130
What is the greatest common divisor of 953316 and 882?
126
What is the greatest common divisor of 15412 and 192?
4
Calculate the greatest common factor of 1210 and 100760.
110
Calculate the greatest common divisor of 905415 and 315.
105
What is the greatest common factor of 86 and 10958378?
86
What is the highest common factor of 88 and 2816?
88
What is the greatest common divisor of 686 and 22246?
98
What is the highest common factor of 15568 and 616?
56
Calculate the highest common factor of 17982 and 7104.
222
Calculate the highest common divisor of 117 and 1857427.
13
Calculate the greatest common divisor of 517000 and 1980.
220
What is the greatest common factor of 2065 and 665?
35
What is the highest common factor of 41695 and 20305?
155
Calculate the highest common factor of 3045 and 1134.
21
Calculate the greatest common factor of 140 and 97748.
28
Calculate the highest common factor of 24 and 717.
3
Calculate the highest common factor of 57 and 11324.
19
What is the greatest common factor of 480 and 88880?
80
What is the greatest common divisor of 80 and 85640?
40
Calculate the highest common divisor of 440 and 206536.
88
Calculate the greatest common divisor of 6936 and 16473.
867
Calculate the greatest common divisor of 32652 and 4032.
36
What is the greatest common divisor of 9429398 and 9944?
2486
Calculate the highest common divisor of 79560 and 72.
72
What is the highest common factor of 16302 and 2?
2
Calculate the highest common divisor of 1026 and 15162.
114
What is the highest common divisor of 756 and 7146?
18
What is the greatest common factor of 4961 and 164?
41
Calculate the highest common factor of 173070 and 4487.
641
What is the highest common divisor of 134126 and 6965?
199
What is the greatest common factor of 462 and 189546?
42
What is the greatest common factor of 11720 and 3500?
20
Calculate the greatest common divisor of 26 and 190736.
26
What is the highest common factor of 175 and 60305?
35
Calculate the highest